eatest common factor of 1036 and 28?
28
Calculate the greatest common divisor of 783 and 29.
29
Calculate the highest common factor of 290 and 30.
10
What is the greatest common divisor of 14 and 1582?
14
Calculate the greatest common factor of 869 and 316.
79
What is the greatest common factor of 2 and 197?
1
What is the highest common divisor of 56 and 1792?
56
What is the highest common factor of 111 and 12?
3
Calculate the highest common divisor of 58 and 174.
58
What is the highest common divisor of 897 and 46?
23
What is the greatest common divisor of 66 and 462?
66
What is the highest common factor of 1305 and 45?
45
Calculate the greatest common factor of 22 and 682.
22
What is the greatest common factor of 6734 and 637?
91
What is the highest common divisor of 730 and 10?
10
Calculate the greatest common divisor of 30 and 30.
30
What is the greatest common factor of 16 and 4888?
8
What is the highest common factor of 90 and 144?
18
Calculate the greatest common divisor of 732 and 12.
12
What is the highest common factor of 44 and 143?
11
Calculate the highest common factor of 15 and 195.
15
Calculate the highest common factor of 1267 and 14.
7
Calculate the highest common divisor of 50 and 210.
10
What is the highest common divisor of 1326 and 78?
78
Calculate the greatest common factor of 1328 and 512.
16
What is the greatest common factor of 1 and 35?
1
What is the greatest common divisor of 750 and 4250?
250
Calculate the highest common divisor of 468 and 312.
156
What is the greatest common factor of 130575 and 75?
75
Calculate the highest common factor of 660 and 1452.
132
What is the greatest common divisor of 75 and 255?
15
Calculate the greatest common factor of 35 and 168.
7
Calculate the greatest common factor of 380 and 2185.
95
What is the highest common factor of 256 and 56?
8
Calculate the highest common divisor of 9 and 24291.
9
What is the greatest common divisor of 2491 and 47?
47
What is the highest common divisor of 6 and 582?
6
Calculate the highest common factor of 45 and 1125.
45
What is the highest common divisor of 10 and 1380?
10
What is the greatest common divisor of 4835 and 5?
5
What is the highest common factor of 1216 and 76?
76
Calculate the highest common factor of 338 and 39.
13
Calculate the greatest common divisor of 160 and 1664.
32
Calculate the greatest common divisor of 285 and 38.
19
Calculate the greatest common divisor of 28 and 700.
28
Calculate the highest common divisor of 1056 and 128.
32
Calculate the highest common factor of 11 and 22.
11
Calculate the highest common divisor of 4407 and 52.
13
What is the greatest common divisor of 141 and 22983?
141
Calculate the greatest common factor of 184 and 322.
46
What is the greatest common factor of 2790 and 1800?
90
Calculate the highest common factor of 106 and 477.
53
Calculate the highest common divisor of 10508 and 148.
148
What is the greatest common factor of 206 and 4223?
103
What is the highest common divisor of 224 and 68?
4
What is the greatest common divisor of 11115 and 494?
247
Calculate the greatest common factor of 272 and 400.
16
Calculate the highest common factor of 17886 and 6.
6
What is the greatest common divisor of 24 and 512?
8
What is the highest common factor of 18 and 441?
9
What is the greatest common divisor of 126 and 294?
42
What is the greatest common divisor of 224 and 21616?
112
What is the highest common divisor of 344 and 32?
8
What is the highest common factor of 141 and 32853?
141
Calculate the highest common divisor of 703 and 2.
1
What is the greatest common divisor of 595 and 1666?
119
What is the highest common factor of 268 and 15812?
268
Calculate the highest common divisor of 19 and 19.
19
Calculate the greatest common divisor of 301 and 7.
7
What is the highest common factor of 54 and 414?
18
What is the highest common factor of 90 and 660?
30
Calculate the greatest common factor of 70 and 189.
7
What is the highest common divisor of 3416 and 56?
56
What is the greatest common divisor of 658 and 188?
94
Calculate the highest common divisor of 99 and 12474.
99
What is the highest common divisor of 426 and 1917?
213
Calculate the greatest common divisor of 15 and 95.
5
What is the highest common factor of 1360 and 400?
80
Calculate the greatest common divisor of 536 and 8.
8
What is the greatest common factor of 1649 and 17?
17
Calculate the highest common divisor of 1378 and 78.
26
What is the greatest common divisor of 23 and 69?
23
What is the highest common divisor of 50 and 110?
10
Calculate the highest common divisor of 460 and 20.
20
What is the highest common factor of 41 and 369?
41
What is the greatest common divisor of 20 and 230?
10
What is the highest common factor of 1072 and 67?
67
What is the greatest common factor of 799 and 1360?
17
What is the greatest common divisor of 8 and 1014?
2
Calculate the highest common factor of 130162 and 302.
302
What is the greatest common factor of 22014 and 36?
18
What is the highest common factor of 8 and 6296?
8
Calculate the highest common divisor of 6 and 51.
3
Calculate the highest common divisor of 4 and 4232.
4
Calculate the highest common divisor of 221 and 153.
17
Calculate the greatest common divisor of 72 and 9.
9
What is the highest common divisor of 3074 and 1?
1
What is the highest common divisor of 78 and 26?
26
Calculate the highest common divisor of 96 and 2148.
12
Calculate the greatest common factor of 3997 and 21.
7
What is the greatest common factor of 64638 and 532?
266
What is the greatest common factor of 10279 and 38?
19
What is the highest common divisor of 4 and 172?
4
What is the greatest common divisor of 81 and 45?
9
What is the greatest common divisor of 60 and 150?
30
What is the highest common divisor of 789 and 3?
3
Calculate the highest common factor of 770 and 630.
70
Calculate the highest common divisor of 2773 and 47.
47
Calculate the highest common divisor of 54790 and 10.
10
Calculate the highest common divisor of 13 and 117.
13
What is the highest common divisor of 119 and 15351?
119
Calculate the highest common factor of 32 and 368.
16
Calculate the greatest common factor of 700 and 375.
25
What is the highest common divisor of 3290 and 3619?
329
What is the greatest common factor of 671 and 915?
61
Calculate the highest common factor of 357 and 42.
21
Calculate the greatest common factor of 2450 and 196.
98
Calculate the highest common factor of 159 and 17013.
159
What is the greatest common divisor of 158 and 2133?
79
What is the highest common factor of 1710 and 55?
5
What is the highest common factor of 496 and 196?
4
Calculate the greatest common factor of 680 and 120.
40
What is the greatest common divisor of 909 and 404?
101
What is the greatest common divisor of 135 and 216?
27
What is the highest common divisor of 96 and 344?
8
What is the greatest common factor of 12 and 51?
3
What is the greatest common divisor of 55 and 55?
55
What is the greatest common divisor of 280 and 35?
35
Calculate the greatest common divisor of 228 and 1824.
228
Calculate the highest common divisor of 2673 and 11.
11
Calculate the greatest common factor of 130 and 52.
26
Calculate the highest common divisor of 708 and 96.
12
Calculate the highest common divisor of 1247 and 516.
43
What is the highest common divisor of 386 and 62?
2
Calculate the highest common divisor of 484 and 76.
4
Calculate the highest common factor of 57 and 456.
57
Calculate the highest common factor of 76 and 437.
19
What is the highest common divisor of 111 and 296?
37
What is the highest common divisor of 8571 and 3?
3
Calculate the highest common divisor of 901 and 159.
53
Calculate the greatest common divisor of 9 and 8.
1
What is the greatest common factor of 7216 and 2132?
164
What is the greatest common divisor of 420 and 120?
60
Calculate the greatest common divisor of 119 and 3094.
119
Calculate the greatest common factor of 189 and 42.
21
What is the greatest common factor of 1095 and 60?
15
What is the highest common factor of 605 and 1331?
121
Calculate the highest common divisor of 51 and 3927.
51
Calculate the highest common divisor of 42 and 21.
21
Calculate the highest common factor of 56320 and 128.
128
What is the highest comm